alculate the greatest common factor of j and 2.
2
Let f(t) = -t**2 - 13*t + 11. Let h be f(-13). What is the greatest common divisor of h and 88?
11
Suppose -3*a + 38 = 3*t - 25, 3*a - 4*t = 56. What is the highest common divisor of 20 and a?
20
Suppose -2*n + 4 = -8. Let y be -3*((-40)/n)/2. What is the highest common factor of 10 and y?
10
Let l(d) = -d**3 + 6*d**2 - 8. Let p be (2 - 1)*(3 - -2). Let u be l(p). What is the greatest common factor of 17 and u?
17
Let l = -7 - -14. Suppose 4*q + 4 = 0, 4*f - l*f - 2*q = -19. What is the highest common divisor of 56 and f?
7
Suppose w + 3*c = 95, 14 = -4*w + 2*c + 394. Calculate the greatest common divisor of w and 19.
19
Let y be 135/3 - 3*1. Calculate the greatest common factor of y and 6.
6
Let k(m) = -m**3 - 6*m**2 - 5*m + 5. Let v = 6 + -11. Let y be k(v). What is the greatest common divisor of y and 40?
5
Let y(x) = 22*x**2 - x + 1. Let h(o) = o**2. Let s be h(1). Let i be y(s). Calculate the highest common divisor of i and 2.
2
Suppose 0 = n + 4*n - 945. Calculate the highest common divisor of 27 and n.
27
Let k be (-9)/(-3) - -1*10. Suppose -n - z + 6 + k = 0, -3*n = -3*z - 51. What is the highest common divisor of 9 and n?
9
Let l = -37 - -52. Let u = 0 - 1. Let v be 0 - 0/u - -165. What is the greatest common factor of l and v?
15
Let f = 112 + -64. What is the highest common divisor of 32 and f?
16
Let n = -113 + 206. Calculate the greatest common factor of n and 31.
31
Suppose 0 = -5*c + 66 + 69. Suppose 260 = 3*t + 98. Calculate the greatest common divisor of c and t.
27
Suppose -21 = -2*w - t, 4*w + 5*t - 31 = 14. Suppose 9 + 0 = -3*y + 3*g, -2*y - 4*g + 18 = 0. Let x = 29 + y. What is the highest common factor of w and x?
10
Let w = -2 + 5. Suppose 4*b = 3*f + 102, -w*f - f = -2*b + 46. Suppose -v = 3*p - 5*v - 42, 4*p + 2*v = 78. What is the greatest common factor of p and b?
9
Let k(l) = -l**3 + 3*l**2 - 1. Let b be k(3). Let n be 2*(8 + -1) - b. Suppose -2*m + 11 = -n. Calculate the highest common divisor of 52 and m.
13
Let n(z) = z**2 + 44. Let c be n(0). Calculate the greatest common divisor of c and 11.
11
Suppose -223 + 33 = -5*k. What is the greatest common divisor of k and 19?
19
Suppose 0 = -5*o - 2*a - a + 169, 0 = -2*o + 3*a + 76. Let l = o - -5. What is the highest common factor of l and 5?
5
Let j = -19 - -4. Let h = 64 + j. Calculate the highest common divisor of h and 7.
7
Suppose 42 = 3*p + 4*p. What is the greatest common divisor of 36 and p?
6
Let y(d) = 5*d + 12. Let a be y(2). Calculate the greatest common divisor of a and 110.
22
Let n(w) = 3*w**2 + 5*w - 7. Let i be n(-7). Let m = 5 + -3. Let k be 38 + 2 + m/1. What is the highest common factor of k and i?
21
Let c = 144 - 100. What is the highest common divisor of 110 and c?
22
Let t = -13 - -20. Let j(k) = -k - 3. Let z be j(t). Let s be ((-4)/z)/((-4)/(-100)). What is the highest common divisor of 15 and s?
5
Let l be (1/(-1))/(6/(-168)). Let y = l + 14. Calculate the greatest common divisor of 105 and y.
21
Let z(o) = o**2 + 2. Let y be z(0). Let l be (-2 - -6)/(y - 0). Let v = 5 - -11. Calculate the greatest common factor of l and v.
2
Let b(d) be the third derivative of d**5/30 - 3*d**4/8 + 5*d**3/3 - 8*d**2. Let a be b(11). What is the highest common factor of 17 and a?
17
Let c be (20/(-15))/((-3)/54). What is the greatest common factor of 6 and c?
6
Suppose 0 = 4*v - 5*p - 8, p = -v + 5 + 6. Suppose 36 = 3*q - 4*s, -3*s = 2*q - 17 - v. What is the highest common divisor of 36 and q?
12
Suppose -u = -4*u + 9. Let o(v) = 5*v**2 + 2*v - 3*v**2 + 2*v**u - 1 - 4*v**2. Let k be o(2). Calculate the highest common factor of 11 and k.
11
Let k be 33/(-88) + 18/32*6. Let b be (3/(-4))/(3/(-72)). What is the highest common factor of b and k?
3
Let m be 9*((-15)/9 + 1). Let d(a) = -a**2 - 7*a + 3. Let z be d(m). Let x = -10 + 11. What is the highest common factor of z and x?
1
Let n(u) = 0*u - 15 + 5*u + u**2 + 15. Let z be n(-7). What is the highest common factor of z and 126?
14
Let o be 15/9*(5 + -2). Let q be (-3 - -6) + 486/3. Suppose -3*j = -0*j - q. Calculate the greatest common divisor of j and o.
5
Suppose -2*s = -0*s - 2. Let f(j) = -j**2 + 10*j + 3. Let x be f(10). What is the highest common factor of s and x?
1
Let a be 4/(12/939) - 0. Let m = a - 160. Suppose -5*w - 5 = -90. What is the highest common factor of m and w?
17
Suppose 352 = 11*d - 0*d. Calculate the highest common divisor of d and 16.
16
Let g(d) = -4*d**3 + d. Let z be g(-2). Let n be 12/78 - 1792/(-182). What is the greatest common factor of z and n?
10
Suppose -41*o + 39*o = -6. Calculate the greatest common divisor of 9 and o.
3
Let i be (-1770)/(-120) - (1/(-4))/1. What is the highest common factor of 120 and i?
15
Let y be 12*(40/12 + -3). What is the greatest common divisor of y and 6?
2
Let j = 16 - 9. Let y(z) = -63*z**3 - z - 1. Let w be y(-1). Suppose 3*a - w = -0*a. What is the highest common factor of j and a?
7
Suppose -3 = -3*w + 3. Let v be 11 - -3 - (-1 + w). Let i = -8 + v. What is the greatest common divisor of i and 1?
1
Suppose -2*s + 105 = 5*a, 2*s + 4*a = s + 54. Let n(y) = -5*y - 5. Let g be n(-5). What is the highest common divisor of s and g?
10
Let d(o) = 7*o**3 - o**2 - 4*o + 4. Let r be d(2). Calculate the highest common factor of r and 16.
16
Suppose 4*l + 240 = 6*l. What is the highest common factor of 15 and l?
15
Let i = -491 - -810. Calculate the highest common factor of i and 29.
29
Suppose 0 = 2*a - 5*a + 99. Suppose 0 = -0*s - 2*s + 44. Calculate the highest common factor of a and s.
11
Let q = 181 + 85. Suppose -14 - q = -5*a. Suppose -344 - a = -5*r. Calculate the greatest common divisor of 10 and r.
10
Let d(c) = c + 9. Let v(f) = f - 1. Let x(g) = -d(g) + 3*v(g). Let p be x(8). Suppose -10 - 34 = -p*t. What is the highest common divisor of t and 121?
11
Let v be (1/(-2))/(1/(-12)). Let j(g) = 0 + 3 - 6 + 6 + 9*g. Let q be j(5). Calculate the highest common factor of q and v.
6
Suppose 2*r + 3*y = -0*r + 27, 5 = -y. What is the highest common divisor of 273 and r?
21
Let d be -3*(-11 + (2 - 1)). Suppose 8 = j - 2. What is the highest common divisor of j and d?
10
Let g be 2 + 35 + -3 + 1 + 3. What is the greatest common divisor of g and 19?
19
Suppose -3*p + 209 - 23 = 0. Suppose -4*t = -125 - 15. Let n = p - t. Calculate the highest common divisor of n and 9.
9
Suppose 4*h = -y - 4, -3*y - 34 = -0*y + h. Let o be (-2)/6 - 148/y. Let x(t) = t**2 - 7*t - 4. Let k be x(8). What is the highest common divisor of k and o?
4
Let k be (4/(-8))/((-1)/(-2)). Let j(z) = -38*z**2 - z. Let b be j(k). Let r = b + 72. What is the greatest common factor of 14 and r?
7
Let l be (-475)/(-4) + 1/4. Let o(j) = 17*j**2 + j - 1. Let v be o(1). What is the highest common divisor of l and v?
17
Suppose 55 = -y - 3*g - 13, -2*g = 2*y + 120. Let d = 4 - y. Calculate the greatest common divisor of d and 24.
12
Suppose -3*r = -9, -r = -3*z + 4*r + 177. What is the greatest common divisor of 32 and z?
32
Let z be 81/18*(7 + -1). Calculate the highest common divisor of 3 and z.
3
Let j = -56 + 93. Let l = 24 - j. Let z = l + 22. Calculate the greatest common divisor of 6 and z.
3
Let c = -10 - -8. Let x = c - -3. Calculate the greatest common factor of 9 and x.
1
Let h(r) = r**3 + r**2 - 8*r + 6. Let t be h(6). Calculate the greatest common divisor of t and 42.
42
Suppose -2*x - 12 = -d, 4*x + 5*d = -12 - 26. Let m = x + 91. Calculate the highest common factor of m and 12.
12
Let l(v) = -13*v - 92. Let j be l(-28). What is the greatest common divisor of 16 and j?
16
Let d(p) = -12*p. Let n be d(-5). Suppose -z + 4*u = -6 - 30, 4*z = -2*u + 90. What is the greatest common divisor of z and n?
12
Let p = -7 + 4. Let o be (-2 + 3)*21 + p. What is the greatest common factor of o and 198?
18
Suppose a - 3*y = 2, -3*a - 6 = -6*a - 4*y. Suppose 4*b = -3*r + 26, -a*b - b = 5*r - 47. What is the greatest common divisor of r and 5?
5
Let m = -2 - -18. Suppose -5*o - 5*u = 5, 4*o + o = -2*u - 14. Let c(f) = -10*f. Let w be c(o). Calculate the greatest common divisor of m and w.
8
Suppose -4*y + 180 = -0*y + 4*i, y - i - 35 = 0. What is the highest common factor of 100 and y?
20
Let i(q) = -q - 2. Let n be i(-1). Let k be n + 3 - 3